 + 3. Let c be (16/(-14))/(10/105*-3). Calculate the remainder when f(c) is divided by 20.
15
Suppose 4*w - 37 - 19 = 0. Calculate the remainder when 91 is divided by w.
7
Suppose 0 = i + m + 7, m = -3*i - m - 19. What is the remainder when 21*18/(-21)*i is divided by 31?
28
Let d(q) = -9*q - 1. Let t(r) = 4*r + 1. Let o(p) = -3*d(p) - 5*t(p). Let v be 1*-2 + -1 + 8. Calculate the remainder when o(v) is divided by 17.
16
Calculate the remainder when 201 is divided by 4/24 - (-385)/66.
3
Let t = -4 + 9. Let c = t - -2. Suppose 8*o = 7*o + 19. What is the remainder when o is divided by c?
5
Suppose 29*i = 44*i - 465. Calculate the remainder when 35 is divided by i.
4
Let d(j) = 50 - 4*j + 34 + j**2 - 66. Calculate the remainder when 53 is divided by d(0).
17
Suppose -4*n = n - 105. Suppose -345 = -9*g - 30. Suppose 0*k + 3*q + g = k, -4*k + 3*q = -158. What is the remainder when k is divided by n?
20
Let v = -151 + 158. Let p(d) = -6*d + 4. Calculate the remainder when p(-7) is divided by v.
4
Let s = -462 + 520. Calculate the remainder when 289 is divided by s.
57
Suppose -s + 3*s + l = 9, -3*l = 3*s - 15. Let g be ((-16)/8)/(s/(-118)). Suppose 3*c - 2*c = g. What is the remainder when c is divided by 15?
14
Let v(k) = -78*k - 249. Calculate the remainder when 149 is divided by v(-4).
23
Suppose m = -2*m. Let u be (0 - 1) + -19 - m. What is the remainder when 45 is divided by (u + 5)*(-4)/5?
9
Let y(u) = -u**3 - 12*u**2 + 13*u + 4. Suppose -8*c + 10*c + 26 = 0. Let l = 2 - -7. Calculate the remainder when l is divided by y(c).
1
Let z(o) = 126*o - 457. Calculate the remainder when z(4) is divided by 31.
16
Suppose 31 + 17 = 3*m. Let s(v) = v**2 - 7*v + 10. Let k be s(6). Suppose z - 3*c = 2*z - 43, 4*z + k*c - 140 = 0. What is the remainder when z is divided by m?
15
Let w = 18 + -16. Suppose 7 = -2*l - 0*l + 3*u, 0 = -w*l + u - 1. What is the remainder when 2 is divided by l?
0
Suppose d + 1 = -0*d. Let k(g) = -46*g. Suppose 4*p - 2*i - 40 = 0, 4*p - 5*i + 0*i = 28. What is the remainder when k(d) is divided by p?
10
Suppose 2*j + 300 = 12*j. Calculate the remainder when j is divided by 4.
2
Let f(w) be the first derivative of -2*w**2 - 6. Suppose 3*v - 4*s - 43 = 0, -4*s - 4 = -0*s. Calculate the remainder when f(-6) is divided by v.
11
Suppose -5*n - y + 9 + 69 = 0, -12 = -n + y. What is the remainder when 74 is divided by n?
14
Suppose 221*h + 532 = 240*h. Let f = 49 - -4. Calculate the remainder when f is divided by h.
25
Suppose 2 = -i + 3*i, 0 = -4*t - 3*i + 155. Calculate the remainder when t is divided by (-18)/(-2) - (-7 - -6).
8
Let x be 1 + 3 + 0/(-4). What is the remainder when 24 is divided by 26/(3 + x/(-4))?
11
Suppose 0 = -k - 2*k - 2*r + 527, -2*k + 4*r = -378. Let m = -36 + 74. Let f = m - 2. What is the remainder when k is divided by f?
35
Let u(s) = s**3 + 11*s**2 - 22*s - 74. What is the remainder when u(-8) is divided by 149?
145
Suppose -36*m = -46*m + 330. What is the remainder when 96 is divided by m?
30
Calculate the remainder when 212 is divided by (-43 + 1)*(-36)/96*4.
23
Let j(i) = -i**3 + 7*i**2 + 8*i + 9. Suppose -4*n = -54 + 22. Let o = 9 + -4. What is the remainder when j(n) is divided by o?
4
Suppose 9*i - 80 = 100. Suppose -75 = -2*w + s - 4*s, -3*w + 118 = -s. What is the remainder when w is divided by i?
19
Suppose -4*u + j + 271 = 0, 5*j = j - 12. Calculate the remainder when 263 is divided by u.
62
Let n(g) = g**3 + 5*g**2 + 4*g - 2. Let s be n(-4). Let f = s + 16. Suppose -f = -2*j + 3*x, 0 = 5*x - 2*x. Calculate the remainder when j is divided by 5.
2
Let q(v) = -v**2 - 45*v + 202. Calculate the remainder when 356 is divided by q(-49).
2
Let x = 50 + 18. Suppose 0 = 4*q - 5*m - 77, -3*m + 127 = 5*q + m. What is the remainder when x is divided by q?
22
Let k(c) = c**3 + 2*c**2 + 2. Let q be k(-2). Calculate the remainder when 122 is divided by (-6 + 4)/q*-41.
40
Suppose 4*q + 84 = 5*n, -3*n - q = 2*n - 104. Suppose -12 = 4*m, 2*m = j - n + 5. What is the remainder when j is divided by 6?
3
Let w = 8 + 4. What is the remainder when 30 is divided by w - 6*(-4)/6?
14
Let h = 13 + -48. Let x = h - -25. Calculate the remainder when 61 is divided by (-105)/x*6/3.
19
Let j(w) = 31*w**2 - 1. Let d be 22/(-18) - 4/(-18). What is the remainder when j(d) is divided by 7/(-10 - -17) - -10?
8
Let p(i) = 2*i**3 - 23*i**2 - 7*i - 46. Calculate the remainder when 24 is divided by p(12).
10
Let i = -1653 + 1796. Calculate the remainder when i is divided by 43.
14
Calculate the remainder when 12/(-5)*370/(-148) is divided by 6.
0
Suppose 0 = -2*k - 0*k + 5*i + 867, 0 = 4*k - 4*i - 1716. What is the remainder when k is divided by 33?
30
Suppose 5 = -2*g + 29. Let b = g + -2. Suppose -5*d + b = -150. Calculate the remainder when 125 is divided by d.
29
Suppose -29 - 25 = -3*f. Calculate the remainder when 71 is divided by f.
17
Let d(u) = -6*u + 4. Let w be d(3). Let y = w + 18. Let o = y + 4. What is the remainder when 15 is divided by o?
7
Calculate the remainder when (-1)/2 + (-663)/(-6) is divided by (12/7)/(60/560).
14
Let g = 72 - 51. Suppose 0*s - 5*s = 0. Suppose 0 = -u + 4*z + 42, 3*z + 3 = -s. What is the remainder when u is divided by g?
17
Let k = -3 - -10. Suppose -11*i = -k*i - 72. What is the remainder when i is divided by 5?
3
Suppose -5*c + 27 = -8*c. Let d be 2/c - 951/(-27). Suppose 4*x - 13 - d = 0. Calculate the remainder when 22 is divided by x.
10
Suppose 0 = 2*l - 8, -2*p - 3*l + 207 = p. Suppose -36*q + 2*s - 70 = -38*q, 2*q = 2*s + 42. Calculate the remainder when p is divided by q.
9
Suppose 12*l - 2 = 11*l. Let m be -2 - (-1)/(1/l). Calculate the remainder when 55 is divided by 6/12*(m + 56).
27
Let k = 58 + -54. Suppose -z = -15 - 10. Calculate the remainder when (k/3)/((-20)/(-1470)) is divided by z.
23
Let r(j) be the second derivative of -j**4/6 - 17*j**3/6 - j**2 - 16*j. Calculate the remainder when 17 is divided by r(-8).
5
Let t(f) = -2*f**2 + 7*f + 15. What is the remainder when 122 is divided by t(3)?
14
Suppose m = 3, 2*m = -2*y - 2*m + 22. Suppose 4*o + 6 + 38 = 0. Let l = o - -20. Calculate the remainder when l is divided by y.
4
Suppose -2*p - 2 = -4*j, 0 = 2*p + 3*p + 4*j - 9. Let h be 0 + 0 + (0 - p). Let k(a) = 2*a**2 - 2*a - 1. What is the remainder when 5 is divided by k(h)?
2
Let j(i) = -i**3 - 4*i**2 - 5*i - 4. Let s be j(-5). Let g be s/8 + 1/4. Calculate the remainder when (-1 - 0) + 20 + g is divided by 7.
4
Let t = 397 - 273. Calculate the remainder when t is divided by 18.
16
Suppose 28 = 5*k - 47. Let j = 15 - k. Suppose j = -r - 0*r - 4*z + 22, 40 = 4*r + 4*z. Calculate the remainder when r is divided by 3.
0
Let b(o) = -6*o**2 - o + 1. Let p be b(1). Let i = p + 30. Calculate the remainder when 95 is divided by i.
23
Suppose -4 = -d, w + d - 14 = -2*d. Suppose w*z - 7*z - 3*u = -245, z = 5*u + 21. Calculate the remainder when z is divided by 12.
10
Let u = -29 - -172. Let f(c) = 3*c**2 - 292*c + 878. What is the remainder when u is divided by f(3)?
27
Let w = -758 + 820. What is the remainder when 185 is divided by w?
61
Suppose 5*s = 3*s + 484. What is the remainder when s is divided by (-5)/(-2)*378/35?
26
Suppose 2*c - 11 = 23. Suppose -o - 6 = -c. What is the remainder when 40 is divided by o?
7
Suppose 19*k = -4*k + 5911. What is the remainder when k is divided by 89?
79
Let u = -6 - -15. Let x(c) = 33*c + 1. Let q be x(-2). Let j = q - -98. What is the remainder when j is divided by u?
6
Suppose 523 = 30*m - 887. Suppose 5*x = 72 + 8. What is the remainder when m is divided by x?
15
Suppose -500 = -18*s + 13*s. Let x = 120 - s. What is the remainder when 78 is divided by x?
18
Suppose 5*z - 309 = -4*a, 6*a + 3*z - 234 = 3*a. Calculate the remainder when a is divided by 12.
9
Suppose 324 + 504 = 12*c. What is the remainder when 413 is divided by c?
68
Suppose 3*s = -z + 63, 0*s + 29 = s + 3*z. Suppose -3*b - 10 + 7 = 2*k, -5*k + b + 35 = 0. Calculate the remainder when s is divided by k.
2
Suppose 0*u = -8*u + 1712. Let o = -187 + u. What is the remainder when o is divided by 7*1/(7/6)?
3
Let l(v) = 5*v**2 - 29*v + 19. Calculate the remainder when 241 is divided by l(6).
16
Suppose 5*z - 2*w = -5*w + 107, -5*z - 4*w + 106 = 0. Calculate the remainder when 38 